ite?
True
Is 1282539 composite?
True
Is 83047 a composite number?
False
Is 3163 a prime number?
True
Is 36959 a composite number?
True
Is 7711 composite?
True
Is 35797 a prime number?
True
Is 14653 a prime number?
True
Is 8571 composite?
True
Is 634729 prime?
False
Is 485201 a composite number?
False
Is 62267 a composite number?
True
Is 16945 a prime number?
False
Is 282221 a composite number?
False
Is 12611 a composite number?
False
Is 4007 prime?
True
Is 114505 a prime number?
False
Is 3691 a composite number?
False
Is 16663 a prime number?
False
Is 11513 a prime number?
False
Is 17426 composite?
True
Is 314879 prime?
True
Is 108043 a prime number?
False
Is 8707 prime?
True
Is 253 a composite number?
True
Is 2557 composite?
False
Is 6341 prime?
False
Is 360001 a prime number?
False
Is 391 composite?
True
Is 147449 composite?
False
Is 1573541 a composite number?
False
Is 132137 composite?
False
Is 56447 a prime number?
False
Is 33737 a composite number?
True
Is 5087 composite?
False
Is 7495 prime?
False
Is 145531 composite?
False
Is 280257 a prime number?
False
Is 13105 composite?
True
Is 258211 a composite number?
False
Is 135151 prime?
True
Is 1151 a composite number?
False
Is 781 composite?
True
Is 69899 a composite number?
False
Is 901 prime?
False
Is 225629 a composite number?
False
Is 159067 a composite number?
True
Is 16637 a composite number?
True
Is 6733 a composite number?
False
Is 4621393 a prime number?
False
Is 293495 prime?
False
Is 60251 a composite number?
False
Is 9983 a composite number?
True
Is 20497 prime?
False
Is 1905817 composite?
True
Is 4659 composite?
True
Is 348547 composite?
False
Is 709081 prime?
False
Is 2178545 composite?
True
Is 6467 a prime number?
False
Is 59043 a composite number?
True
Is 20981 prime?
True
Is 787643 a prime number?
False
Is 253893 a composite number?
True
Is 134287 a prime number?
True
Is 621913 prime?
True
Is 9803 a composite number?
False
Is 12283 a composite number?
True
Is 7279 a prime number?
False
Is 30398 a composite number?
True
Is 2171 composite?
True
Is 58403 prime?
True
Is 391 composite?
True
Is 1166287 a prime number?
True
Is 454759 prime?
True
Is 4253 prime?
True
Is 34667 a prime number?
True
Is 26083 composite?
False
Is 15793 composite?
True
Is 18329 a composite number?
False
Is 1141657 a composite number?
True
Is 2521 a prime number?
True
Is 6041 a composite number?
True
Is 2271 composite?
True
Is 3983 a prime number?
False
Is 149165 a prime number?
False
Is 67957 a prime number?
True
Is 102691 composite?
True
Is 164569 composite?
False
Is 163181 a prime number?
True
Is 446305 a composite number?
True
Is 44101 a composite number?
False
Is 995881 prime?
True
Is 367793 composite?
True
Is 130769 composite?
False
Is 587 a composite number?
False
Is 49355 a prime number?
False
Is 15286 a composite number?
True
Is 4969 a composite number?
False
Is 96493 prime?
True
Is 37277 prime?
True
Is 947811 composite?
True
Is 344353 composite?
False
Is 21155 a composite number?
True
Is 1703197 a composite number?
True
Is 52943 prime?
False
Is 11597 a composite number?
False
Is 81059 a composite number?
True
Is 20714 composite?
True
Is 128099 a composite number?
False
Is 16085 prime?
False
Is 259499 composite?
False
Is 22163 a composite number?
True
Is 20479 a composite number?
False
Is 1151079 a composite number?
True
Is 12473 a prime number?
True
Is 38513 a prime number?
False
Is 231347 a composite number?
False
Is 42317 composite?
True
Is 73187 prime?
False
Is 3583651 a composite number?
True
Is 27917 a composite number?
False
Is 62165 a prime number?
False
Is 6109 a prime number?
False
Is 42985 prime?
False
Is 8587 a composite number?
True
Is 87833 a composite number?
False
Is 259 composite?
True
Is 462629 prime?
True
Is 33547 composite?
False
Is 1279229 composite?
True
Is 141994 a prime number?
False
Is 59263 prime?
True
Is 3371 composite?
False
Is 9799 a composite number?
True
Is 796813 prime?
True
Is 4835 prime?
False
Is 139394 a composite number?
True
Is 6509 a prime number?
False
Is 73517 a composite number?
False
Is 14811 composite?
True
Is 61771 a composite number?
True
Is 7737 prime?
False
Is 7661 a composite number?
True
Is 546937 prime?
True
Is 387613 a composite number?
False
Is 23053 prime?
True
Is 1621 a prime number?
True
Is 154543 composite?
False
Is 81319 composite?
True
Is 422431 composite?
False
Is 5557 a composite number?
False
Is 47707 prime?
False
Is 151729 prime?
True
Is 3661 composite?
True
Is 340541 prime?
True
Is 7454 a composite number?
True
Is 1187435 composite?
True
Is 67247 composite?
False
Is 721 prime?
False
Is 116789 a composite number?
False
Is 179189 a prime number?
False
Is 12319 a prime number?
False
Is 1490071 a prime number?
False
Is 1005847 prime?
False
Is 771674 a composite number?
True
Is 166183 prime?
True
Is 30757 a prime number?
True
Is 295985 composite?
True
Is 1077971 composite?
False
Is 41153 prime?
False
Is 4169 composite?
True
Is 111139 a prime number?
False
Is 123631 a composite number?
False
Is 896281 composite?
False
Is 28283 prime?
True
Is 32531 composite?
False
Is 1583 prime?
True
Is 31379 composite?
False
Is 20021 composite?
False
Is 111307 prime?
False
Is 1140197 a composite number?
False
Is 3793 prime?
True
Is 79687 a composite number?
False
Is 29513 prime?
False
Is 35251 a prime number?
True
Is 286105 prime?
False
Is 139727 prime?
False
Is 24637 a composite number?
True
Is 75899 a prime number?
False
Is 348793 prime?
False
Is 51257 prime?
True
Is 1541 a prime number?
False
Is 7477 prime?
True
Is 22013 a prime number?
True
Is 2935 a prime number?
False
Is 18013 prime?
True
Is 95917 prime?
True
Is 5897 composite?
False
Is 28073 a composite number?
True
Is 222389 composite?
False
Is 743147 composite?
True
Is 2101111 composite?
False
Is 2053 a composite number?
False
Is 37739 a prime number?
False
Is 7427 composite?
True
Is 11777 composite?
False
Is 333959 composite?
False
Is 398207 a composite number?
False
Is 4751 a prime number?
True
Is 56629 prime?
True
Is 37643 prime?
True
Is 256145 a composite number?
True
Is 1439 prime?
True
Is 15349 composite?
False
Is 12143 composite?
False
Is 1062011 prime?
False
Is 5297 a prime number?
True
Is 61453 prime?
False
Is 57473 a composite number?
True
Is 30829 a prime number?
True
Is 6163 prime?
True
Is 28327 a prime number?
False
Is 38229 a composite number?
True
Is 12497 a composite number?
False
Is 37087 prime?
True
Is 288937 a prime number?
False
Is 43517 composite?
False
Is 344893 composite?
False
Is 74389 composite?
True
Is 39323 composite?
False
Is 20127 a prime number?
False
Is 15679 prime?
True
Is 7283 prime?
True
Is 20173 a prime number?
True
Is 219499 a composite number?
True
Is 104623 prime?
True
Is 20261 a prime number?
True
Is 190721 composite?
True
Is 22307 a prime number?
True
Is 411611 composite?
False
Is 136259 composite?
True
Is 7477 a composite number?
False
Is 2307 composite?
True
Is 40961 composite?
False
Is 2064695 a prime number?
False
Is 219665 prime?
False
Is 170167 a composite number?
False
Is 1189 a composite number?
True
Is 19553 composite?
False
Is 15009 a prime number?
False
Is 87157 prime?
False
Is 16319 a composite number?
False
Is 959 a prime number?
False
Is 76079 a composite number?
False
Is 2153 a composite number?
False
Is 921 prime?
False
Is 842579 prime?
False
Is 37633 a composite number?
False
Is 74353 a prime number?
True
Is 17291 a composite number?
False
Is 35333 a composite number?
True
Is 116759 a composite number?
True
Is 195589 a composite number?
True
Is 219841 composite?
True
Is 19231 a prime number?
True
Is 139 composite?
False
Is 570199 prime?
False
Is 453527 composite?
False
Is 23459 a composite number?
False
Is 5981 a prime number?
True
Is 475921 prime?
True
Is 55001 a composite number?
False
Is 136199 a prime number?
False
Is 23501 a prime number?
False
Is 329761 a composite number?
False
Is 161077 a prime number?
False
Is 110191 a composite number?
True
Is 33379 prime?
False
Is 230509 prime?
False
Is 419687 composite?
False
Is 18803 composite?
False
Is 22297 prime?
False
Is 717 a composite number?
True
Is 15926 a composite number?
True
Is 3408889 prime?
False
Is 231169 prime?
True
Is 5663 a composite number?
True
Is 23509 prime?
True
Is 118